3, 4721
Let f(g) = -32*g + 5. Let p be f(2). Let j = p + 63. Suppose 0 = -j*a - 5*c + 631, 3*a - 2*c - 450 - 52 = 0. What are the prime factors of a?
2, 41
Let a(d) = 17*d**2 - 148*d - 34. List the prime factors of a(25).
3, 2297
Suppose 251773 = -110*x + 192028 + 1163705. What are the prime factors of x?
2, 13, 193
Let z = 101 - 96. List the prime factors of 170*(5/z + 0).
2, 5, 17
Let v(d) = 8*d + 32. Let k be v(-12). Let m = k + 8. List the prime factors of ((-15808)/m)/1 - 2/7.
2, 3, 47
Let f(x) = 3*x**3 - 12*x**2 + 5*x - 3. Let s be f(5). Let w = s + 168. List the prime factors of w.
5, 53
Let l = -87 + 182. Suppose -19*u = -14*u + l. Let z = 108 + u. What are the prime factors of z?
89
Let i = 11860 - 11861. Let j(l) be the first derivative of -157*l**2/2 + 1. What are the prime factors of j(i)?
157
Let a be (-21 + 0)*(30/18 - 2). Suppose 2*r - 25 = a. Suppose 17*x - 116 = r*x. List the prime factors of x.
2, 29
Suppose 26*y - 31*y = 260. Let p = y - -241. Let x = p - 141. What are the prime factors of x?
2, 3
Suppose -5*h + h = 2*n + 10310, 5*n = -4*h - 10319. Let c = h + 3765. What are the prime factors of c?
29, 41
Suppose 0 = 2*o + 2*y - 20, -30 = -0*o - 3*o + 2*y. Let j be (o/25 - (-8)/5)*-1. Let n = j - -12. List the prime factors of n.
2, 5
Let l(f) = 84*f**2 + 88*f + 1393. What are the prime factors of l(-16)?
3, 13, 19, 29
Let p be ((-2)/(-1))/(18/27). What are the prime factors of (p + -187)*(-1 - 0)?
2, 23
List the prime factors of 59872 + ((-189)/(-14) - 13)*(11 - 1).
3, 6653
Let l(b) = 24*b - 6. Suppose -6 = -2*x, -3*x = -q - 0*x - 5. Let c be l(q). Suppose -3*m + m + c = 0. What are the prime factors of m?
3, 5
Let b(f) = f - 2. Let c be b(9). Suppose -5*d - k + 25 = 0, 3*k = -3*d + c*k + 15. Suppose -g - 4*g + 25 = 0, d*q - 385 = -g. What are the prime factors of q?
2, 19
Let j be (18 - -6) + (-5 + 2 - 1). Suppose -334 = 18*y - j*y. List the prime factors of y.
167
Let y be -1 + (-70)/8 + 90/120. Let c(w) be the first derivative of w**4/4 + 3*w**3 - 7*w**2 - 11*w - 1. What are the prime factors of c(y)?
5, 23
Suppose -20472 = -64*b + 245448. List the prime factors of b.
3, 5, 277
Suppose 54*z - 708994 = 32*z. What are the prime factors of z?
13, 37, 67
Let b = 668 - 375. Suppose -210 = 286*v - b*v. What are the prime factors of v?
2, 3, 5
Let u = -5032 + 27010. What are the prime factors of u?
2, 3, 11, 37
What are the prime factors of 26327002/962 - 29 - (-2)/37?
2, 13669
Let a(j) = -2*j**2 + 63 - 8*j**3 - 67 + 0*j**2. List the prime factors of a(-3).
2, 97
Let v(r) = -r**3 - 24*r**2 - 22*r + 25. Let i be v(-23). Suppose i*g - 531 = -3*c + 4*c, 549 = 2*g + 5*c. What are the prime factors of g?
3, 89
Suppose 43*w + 281*w - 869139 = 55*w. What are the prime factors of w?
3, 359
Suppose 4*z - l = 142910, 13*z - 8*z - 5*l = 178630. List the prime factors of z.
2, 7, 11, 29
Let z(a) = a**2 + 19*a + 48. Let l be z(-16). Suppose l = -4*b - 4*v + 988, -6*b - v + 737 = -3*b. List the prime factors of b.
5, 7
Let a = -509 + 3599. Suppose -3*z + a = -25*y + 20*y, -3090 = -3*z - y. What are the prime factors of z?
2, 5, 103
Let z = -1430 - -1000. Let b = z - -210. Let x = b - -311. What are the prime factors of x?
7, 13
Let h(p) = p**3 + 3*p**2 - 4*p + 7. Suppose 2*y + 3*y = -4*a - 40, -26 = 2*a + 4*y. Let f be h(a). Let n(t) = -t**2 - 30*t + 18. List the prime factors of n(f).
179
Let p(t) = 21*t**2 + 56*t - 100. List the prime factors of p(19).
5, 1709
Suppose 9*y - 3*h = 4*y + 640, -2*y + 270 = -4*h. Let p(z) = -2*z**3 + 7*z**2 + 6*z - 8. Let i be p(-4). Let t = i - y. What are the prime factors of t?
83
Let v(j) = -337*j**3 - j**2 - 20*j - 7. List the prime factors of v(-5).
42193
Let a(p) = -17*p - 22. Let u be a(-6). Suppose -91*q + u*q = -6644. What are the prime factors of q?
2, 151
Let f = -33010 + 61090. What are the prime factors of f?
2, 3, 5, 13
Let y = 63069 - 30284. What are the prime factors of y?
5, 79, 83
Suppose 6 = -18*j + 6. What are the prime factors of (132 - j)*(-4 - 28/(-6))?
2, 11
Suppose 13*m = 11*m + 4*k + 1726, -5*m + 4330 = -5*k. Suppose 20*n - 19329 = -m. What are the prime factors of n?
13, 71
Let g(k) = -k**3 - 13*k**2 - 15*k + 17. Suppose -3*z = -a - 7*z + 4, -4*a + 4*z = 64. Let d be g(a). Suppose -327 = -56*f + d*f. List the prime factors of f.
109
List the prime factors of 2 + 0 + (12686 - (28 - 63)).
3, 4241
What are the prime factors of (837/(-36))/((-6)/4 - 24780/(-16576))?
2, 31, 37
What are the prime factors of -92*21/42*1*-287?
2, 7, 23, 41
Let c(b) = 4*b**2 + 3*b - 4. Suppose 0*o - 3*o + 3 = 0. Let h be c(o). What are the prime factors of 5 + -2 - (h - 2) - -118?
2, 3, 5
Let y = 26818 - 15435. What are the prime factors of y?
11383
Let x(j) = -8*j**2 + 4*j**2 + 46 + 18*j + j**3 + 0*j - 12*j**2. Let p be x(15). Let z = p - 42. List the prime factors of z.
7
Let o be ((0/(-6))/1)/1. Suppose 3*j - 3*u - 579 = o, 2*j - 5*u = -2*j + 777. List the prime factors of j.
2, 47
Let s(i) = -3*i - 45. Let j be s(-21). Let w be (1*2)/((-12)/j) + 15. List the prime factors of (-53)/(-3) - w/18.
17
Let d be -1292*(-80)/35 - 2/14. Suppose d = 14*a - 1219. What are the prime factors of a?
2, 149
What are the prime factors of ((-5)/(-5))/(46/318918)?
3, 2311
Suppose 0 = -2*b + 3*d + 177839, 2*d = 4*b - 509738 + 154088. What are the prime factors of b?
67, 1327
Let s = -135 - -210. Suppose 6*g = -s - 123. What are the prime factors of (-1 + 31/(-2))/(g/44)?
2, 11
Suppose -3463 = -4*x - 3*w, -x - 2*w - 2593 = -4*x. Suppose 34*k = 427 + x. List the prime factors of k.
2, 19
Suppose -943 = -5*q + i, 987*q - 984*q - 4*i = 559. Let u = 9 + 1. Suppose z + q = 3*z + 5*y, -2*y - u = 0. What are the prime factors of z?
107
Let f = -12630 - -20169. List the prime factors of f.
3, 7, 359
Let o(f) = -f**2 + 8*f - 13. Let s be o(6). Let g be (s + -3 + 1)*(-4)/(-4). What are the prime factors of -1 - 342/(-12)*(-14)/g?
2, 3, 11
Let j(s) = 17*s + 76. Let t be j(22). Let c = t + -317. What are the prime factors of c?
7, 19
Suppose 3*n - 5*p = 15514, 25850 = 74*n - 69*n - 5*p. List the prime factors of n.
2, 17, 19
Let g(x) = 1995*x**2 + 22*x - 18. What are the prime factors of g(1)?
1999
Suppose -8*i - 16*i = -2808. Suppose -w = m - 1130, -2*m - 5*w + i + 2140 = 0. List the prime factors of m.
3, 13, 29
Let i be ((-99)/6)/((-3)/10). Let o = i + -53. List the prime factors of (o - -59) + -3 + 0.
2, 29
What are the prime factors of (22/3)/(12/3222 + 0)?
11, 179
Let h = 15682 + -7542. List the prime factors of h.
2, 5, 11, 37
Suppose -16*a = -6876 - 105652. List the prime factors of a.
13, 541
Let u = 24958 - 931. List the prime factors of u.
3, 8009
What are the prime factors of 50/2*951*(-6)/(-18) + 1?
2, 3, 1321
Let z = 536 - 339. Let p = z - -166. List the prime factors of p.
3, 11
Suppose p = -3*p + 12. Suppose 5*i = -p*h + 4*h - 57, 5*h + 2*i - 312 = 0. Let d = -51 + h. List the prime factors of d.
11
Let p(w) = -3*w - 2. Let r(o) = -9*o - 6. Let f(h) = 8*p(h) - 3*r(h). Let k be f(-2). What are the prime factors of (2 - k)*38/4?
3, 19
Suppose x - 281 = -2*d - 11, 2*x - 585 = 5*d. Suppose 10 = 4*o + 2. Suppose -76 = o*i - x. List the prime factors of i.
2, 3, 17
Let m = -1842 - -1844. Let y(r) = -9*r**2 - 2*r + 1. Let t be y(-2). Let v = m - t. What are the prime factors of v?
3, 11
Let y(v) = 4093*v + 4677. List the prime factors of y(16).
5, 14033
Let p(r) = -r**3 + 14*r**2 + 13*r + 39. Let u be p(15). Suppose -3*o + 12 = 0, 2*g + 10*o = u*o + 712. List the prime factors of g.
2, 3, 59
Let c = -1 + 2. Suppose 0 = -2*n + 37 + c. Let j = 67 - n. What are the prime factors of j?
2, 3
Suppose 5*s = -2*b + 29543, 5*s = -5*b + 4030 + 25525. List the prime factors of s.
3, 11, 179
Let i = -536 + 530. List the prime factors of 2/i + 14/(-21)*-488.
5, 13
Suppose -5*s + 10 = 5*j, -j - 9*s = -10*s. List the prime factors of (-2)/(-4)*j/((-10)/(-15220)).
761
Suppose 0 = 12*z - 30*z + 105858. What are the prime factors of z?
5881
Let l be ((-100)/(-6) - 44/66) + 0. Suppose 23*t = l*t + 2800. What are the prime factors of t?
2, 5
Let o = 1690 + -1135. Let i = o + -234. List the prime factors of i.
3, 107
Suppose -111*h = -128*h + 990947. What are the prime factors of h?
71, 821
Let n(u) = 292*u + 10 + 6*u**2 - 2*u**2 - 279*u. Let 